{"id":142,"date":"2016-01-02T09:05:31","date_gmt":"2016-01-02T09:05:31","guid":{"rendered":"https:\/\/telepresence.iutmdm.fr\/?page_id=142"},"modified":"2018-09-30T07:40:51","modified_gmt":"2018-09-30T07:40:51","slug":"robots-de-telepresence","status":"publish","type":"page","link":"https:\/\/telepresence.iutmdm.fr\/","title":{"rendered":"Robots de T\u00e9l\u00e9pr\u00e9sence"},"content":{"rendered":"<p>Ce site a pour objectif de d\u00e9crire les projets d\u00e9velopp\u00e9s au sein du d\u00e9partement R\u00e9seaux et T\u00e9l\u00e9coms de l&rsquo;IUT des Pays de l&rsquo;Adour (Mont de Marsan), en collaboration avec le Laboratoire d&rsquo;Informatique de l&rsquo;Universit\u00e9 de Pau et des Pays de l&rsquo;Adour (LIUPPA), autour de l&rsquo;utilisation des robots de t\u00e9l\u00e9pr\u00e9sence en \u00e9ducation.<\/p>\n<p>Vous trouverez plus de d\u00e9tails sur notre \u00e9quipe et nos motivations dans la rubrique \u00ab\u00a0<a href=\"https:\/\/telepresence.iutmdm.fr\/index.php\/qui-sommes-nous\/\">Qui sommes-nous<\/a> ?\u00a0\u00bb. Le mat\u00e9riel que nous utilisons est d\u00e9crit dans la rubrique \u00ab\u00a0<a href=\"https:\/\/telepresence.iutmdm.fr\/index.php\/notre-materiel\/\">Quels\u00a0robots ?<\/a>\u00ab\u00a0. Les diff\u00e9rents projets que nous d\u00e9veloppons sont d\u00e9taill\u00e9s dans la rubrique \u00ab\u00a0<a href=\"https:\/\/telepresence.iutmdm.fr\/index.php\/nos-projets\/\">Nos projets<\/a>\u00ab\u00a0. Enfin, les derni\u00e8res nouvelles sont accessibles dans la rubrique \u00ab\u00a0<a href=\"https:\/\/telepresence.iutmdm.fr\/index.php\/dernieres-nouvelles\/\">Derniers articles<\/a>\u00ab\u00a0.<\/p>\n<p>Bonne visite !<\/p>\n","protected":false},"excerpt":{"rendered":"<p>Ce site a pour objectif de d\u00e9crire les projets d\u00e9velopp\u00e9s au sein du d\u00e9partement R\u00e9seaux et T\u00e9l\u00e9coms de l&rsquo;IUT des Pays de l&rsquo;Adour (Mont de Marsan), en collaboration avec le Laboratoire d&rsquo;Informatique de l&rsquo;Universit\u00e9 de Pau et des Pays de l&rsquo;Adour (LIUPPA), autour de l&rsquo;utilisation des robots de t\u00e9l\u00e9pr\u00e9sence en \u00e9ducation. Vous trouverez plus de [&hellip;]<\/p>\n","protected":false},"author":1,"featured_media":0,"parent":0,"menu_order":0,"comment_status":"closed","ping_status":"closed","template":"","meta":{"__cvm_playback_settings":"{\"title\":1,\"byline\":1,\"portrait\":0,\"loop\":0,\"autoplay\":0,\"color\":\"FF0000\",\"dnt\":0,\"aspect_ratio\":\"16x9\",\"width\":640,\"video_position\":\"below-content\",\"video_align\":\"align-left\",\"volume\":30,\"playlist_loop\":0,\"aspect_override\":true,\"start_time\":0,\"muted\":false,\"background\":false}","__cvm_video_id":""},"_links":{"self":[{"href":"https:\/\/telepresence.iutmdm.fr\/index.php\/wp-json\/wp\/v2\/pages\/142"}],"collection":[{"href":"https:\/\/telepresence.iutmdm.fr\/index.php\/wp-json\/wp\/v2\/pages"}],"about":[{"href":"https:\/\/telepresence.iutmdm.fr\/index.php\/wp-json\/wp\/v2\/types\/page"}],"author":[{"embeddable":true,"href":"https:\/\/telepresence.iutmdm.fr\/index.php\/wp-json\/wp\/v2\/users\/1"}],"replies":[{"embeddable":true,"href":"https:\/\/telepresence.iutmdm.fr\/index.php\/wp-json\/wp\/v2\/comments?post=142"}],"version-history":[{"count":6,"href":"https:\/\/telepresence.iutmdm.fr\/index.php\/wp-json\/wp\/v2\/pages\/142\/revisions"}],"predecessor-version":[{"id":559,"href":"https:\/\/telepresence.iutmdm.fr\/index.php\/wp-json\/wp\/v2\/pages\/142\/revisions\/559"}],"wp:attachment":[{"href":"https:\/\/telepresence.iutmdm.fr\/index.php\/wp-json\/wp\/v2\/media?parent=142"}],"curies":[{"name":"wp","href":"https:\/\/api.w.org\/{rel}","templated":true}]}}